{"id":809,"date":"2025-10-06T18:09:46","date_gmt":"2025-10-06T16:09:46","guid":{"rendered":"https:\/\/idurarprod.com\/index.php\/front_page\/"},"modified":"2025-10-20T12:20:48","modified_gmt":"2025-10-20T10:20:48","slug":"front_page","status":"publish","type":"page","link":"https:\/\/idurarprod.com\/","title":{"rendered":"Accueil"},"content":{"rendered":"<style>.kb-row-layout-wrap.wp-block-kadence-rowlayout.kb-row-layout-id809_85a924-86{margin-top:var(--global-kb-spacing-5xl, 10rem);}.kb-row-layout-id809_85a924-86 > .kt-row-column-wrap{align-content:start;}:where(.kb-row-layout-id809_85a924-86 > .kt-row-column-wrap) > .wp-block-kadence-column{justify-content:start;}.kb-row-layout-id809_85a924-86 > .kt-row-column-wrap{column-gap:var(--global-kb-gap-md, 2rem);row-gap:var(--global-kb-gap-md, 2rem);max-width:var( --global-content-width, 1290px );padding-left:var(--global-content-edge-padding);padding-right:var(--global-content-edge-padding);padding-top:var(--global-kb-spacing-5xl, 10rem);padding-bottom:var(--global-kb-spacing-4xl, 8rem);grid-template-columns:minmax(0, 1fr);}.kb-row-layout-id809_85a924-86 > .kt-row-layout-overlay{opacity:0.42;background-color:var(--global-palette9, #ffffff);}@media all and (max-width: 1024px){.kb-row-layout-id809_85a924-86 > .kt-row-column-wrap{grid-template-columns:minmax(0, 1fr);}}@media all and (max-width: 767px){.kb-row-layout-id809_85a924-86 > .kt-row-column-wrap{padding-right:var(--global-kb-spacing-xs, 1rem);padding-left:var(--global-kb-spacing-xs, 1rem);grid-template-columns:minmax(0, 1fr);}}<\/style><div class=\"kb-row-layout-wrap kb-row-layout-id809_85a924-86 alignfull kt-row-has-bg wp-block-kadence-rowlayout\"><div class=\"kb-blocks-bg-video-container\"><video class=\"kb-blocks-bg-video\" id=\"bg-row-video-809_85a924-86\" playsinline muted loop src=\"https:\/\/idurarprod.com\/wp-content\/uploads\/2025\/09\/Vid-20240817-1016511.mp4\" autoplay><\/video><\/div><div class=\"kt-row-layout-overlay kt-row-overlay-normal\"><\/div><div class=\"kt-row-column-wrap kt-has-1-columns kt-row-layout-equal kt-tab-layout-inherit kt-mobile-layout-row kt-row-valign-top kb-theme-content-width\">\n<style>.kadence-column809_20dc76-10 > .kt-inside-inner-col{display:flex;}.kadence-column809_20dc76-10 > .kt-inside-inner-col{padding-bottom:0px;}.kadence-column809_20dc76-10 > .kt-inside-inner-col,.kadence-column809_20dc76-10 > .kt-inside-inner-col:before{border-top-left-radius:0px;border-top-right-radius:0px;border-bottom-right-radius:0px;border-bottom-left-radius:0px;}.kadence-column809_20dc76-10 > .kt-inside-inner-col{column-gap:var(--global-kb-gap-sm, 1rem);}.kadence-column809_20dc76-10 > .kt-inside-inner-col{flex-direction:column;justify-content:flex-start;}.kadence-column809_20dc76-10 > .kt-inside-inner-col > .aligncenter{width:100%;}.kt-row-column-wrap > .kadence-column809_20dc76-10{align-self:flex-start;}.kt-inner-column-height-full:not(.kt-has-1-columns) > .wp-block-kadence-column.kadence-column809_20dc76-10{align-self:auto;}.kt-inner-column-height-full:not(.kt-has-1-columns) > .wp-block-kadence-column.kadence-column809_20dc76-10 > .kt-inside-inner-col{flex-direction:column;justify-content:flex-start;}.kadence-column809_20dc76-10 > .kt-inside-inner-col:before{opacity:0.3;}.kadence-column809_20dc76-10{position:relative;}.kadence-column809_20dc76-10, .kt-inside-inner-col > .kadence-column809_20dc76-10:not(.specificity){margin-bottom:0px;}@media all and (max-width: 1024px){.kt-row-column-wrap > .kadence-column809_20dc76-10{align-self:flex-start;}}@media all and (max-width: 1024px){.kt-inner-column-height-full:not(.kt-has-1-columns) > .wp-block-kadence-column.kadence-column809_20dc76-10{align-self:auto;}}@media all and (max-width: 1024px){.kt-inner-column-height-full:not(.kt-has-1-columns) > .wp-block-kadence-column.kadence-column809_20dc76-10 > .kt-inside-inner-col{flex-direction:column;justify-content:flex-start;}}@media all and (max-width: 1024px){.kadence-column809_20dc76-10 > .kt-inside-inner-col{flex-direction:column;justify-content:flex-start;}}@media all and (max-width: 767px){.kt-row-column-wrap > .kadence-column809_20dc76-10{align-self:flex-start;}.kt-inner-column-height-full:not(.kt-has-1-columns) > .wp-block-kadence-column.kadence-column809_20dc76-10{align-self:auto;}.kt-inner-column-height-full:not(.kt-has-1-columns) > .wp-block-kadence-column.kadence-column809_20dc76-10 > .kt-inside-inner-col{flex-direction:column;justify-content:flex-start;}.kadence-column809_20dc76-10 > .kt-inside-inner-col{flex-direction:column;justify-content:flex-start;}}<\/style>\n<div class=\"wp-block-kadence-column kadence-column809_20dc76-10 kb-section-dir-vertical inner-column-2\"><div class=\"kt-inside-inner-col\"><style>.wp-block-kadence-advancedheading.kt-adv-heading809_e94552-26, .wp-block-kadence-advancedheading.kt-adv-heading809_e94552-26[data-kb-block=\"kb-adv-heading809_e94552-26\"]{padding-top:0px;padding-bottom:var(--global-kb-spacing-sm, 1.5rem);margin-top:var(--global-kb-spacing-5xl, 10rem);margin-bottom:0px;text-align:center;font-size:var(--global-kb-font-size-xxl, 4rem);line-height:1;font-style:normal;}.wp-block-kadence-advancedheading.kt-adv-heading809_e94552-26 mark.kt-highlight, .wp-block-kadence-advancedheading.kt-adv-heading809_e94552-26[data-kb-block=\"kb-adv-heading809_e94552-26\"] mark.kt-highlight{font-style:normal;color:#f76a0c;-webkit-box-decoration-break:clone;box-decoration-break:clone;padding-top:0px;padding-right:0px;padding-bottom:0px;padding-left:0px;}.wp-block-kadence-advancedheading.kt-adv-heading809_e94552-26 img.kb-inline-image, .wp-block-kadence-advancedheading.kt-adv-heading809_e94552-26[data-kb-block=\"kb-adv-heading809_e94552-26\"] img.kb-inline-image{width:150px;vertical-align:baseline;}<\/style>\n<h2 class=\"kt-adv-heading809_e94552-26 wp-block-kadence-advancedheading has-theme-palette-9-color has-text-color\" data-kb-block=\"kb-adv-heading809_e94552-26\">Idurar Production<\/h2>\n<\/div><\/div>\n\n<\/div><\/div>\n\n<style>.kb-row-layout-id809_0f1010-d4 > .kt-row-column-wrap{align-content:start;}:where(.kb-row-layout-id809_0f1010-d4 > .kt-row-column-wrap) > .wp-block-kadence-column{justify-content:start;}.kb-row-layout-id809_0f1010-d4 > .kt-row-column-wrap{column-gap:var(--global-kb-gap-lg, 4rem);row-gap:var(--global-kb-gap-md, 2rem);max-width:960px;margin-left:auto;margin-right:auto;padding-top:var(--global-kb-spacing-3xl, 6.5rem);padding-bottom:var(--global-kb-spacing-xxl, 5rem);grid-template-columns:repeat(2, minmax(0, 1fr));}.kb-row-layout-id809_0f1010-d4 > .kt-row-layout-overlay{opacity:0.30;}@media all and (max-width: 1024px){.kb-row-layout-id809_0f1010-d4 > .kt-row-column-wrap{grid-template-columns:repeat(2, minmax(0, 1fr));}}@media all and (max-width: 767px){.kb-row-layout-id809_0f1010-d4 > .kt-row-column-wrap{grid-template-columns:minmax(0, 1fr);}}<\/style><div class=\"kb-row-layout-wrap kb-row-layout-id809_0f1010-d4 alignnone wp-block-kadence-rowlayout\"><div class=\"kt-row-column-wrap kt-has-2-columns kt-row-layout-equal kt-tab-layout-inherit kt-mobile-layout-row kt-row-valign-top\">\n<style>.kadence-column809_b9579d-89 > .kt-inside-inner-col,.kadence-column809_b9579d-89 > .kt-inside-inner-col:before{border-top-left-radius:0px;border-top-right-radius:0px;border-bottom-right-radius:0px;border-bottom-left-radius:0px;}.kadence-column809_b9579d-89 > .kt-inside-inner-col{column-gap:var(--global-kb-gap-sm, 1rem);}.kadence-column809_b9579d-89 > .kt-inside-inner-col{flex-direction:column;}.kadence-column809_b9579d-89 > .kt-inside-inner-col > .aligncenter{width:100%;}.kadence-column809_b9579d-89 > .kt-inside-inner-col:before{opacity:0.3;}.kadence-column809_b9579d-89{position:relative;}@media all and (max-width: 1024px){.kadence-column809_b9579d-89 > .kt-inside-inner-col{flex-direction:column;justify-content:center;}}@media all and (max-width: 767px){.kadence-column809_b9579d-89 > .kt-inside-inner-col{flex-direction:column;justify-content:center;}}<\/style>\n<div class=\"wp-block-kadence-column kadence-column809_b9579d-89\"><div class=\"kt-inside-inner-col\">\n<p class=\"has-black-color has-text-color has-link-color wp-elements-825dc87d2a32b296de89116075632586\">Nous croyons en un cin\u00e9ma port\u00e9 par la complexit\u00e9 et la diversit\u00e9 des regards. Des regards qui posent sur l&#8217;histoire, le pr\u00e9sent et le futur, l&#8217;expression de leur subjectivit\u00e9 et la force de leur sensibilit\u00e9.<br><br>Un cin\u00e9ma qui mette en lumi\u00e8re les paroles et les gestes de celles et ceux qui n&#8217;ont pas toujours voix au chapitre de l&#8217;histoire officielle, qui nourrisse les imaginaires de la profondeur et de la diversit\u00e9 des cultures et des m\u00e9moires. <br><br>Un cin\u00e9ma qui tisse des r\u00e9cits parfois lib\u00e9rateur, parfois incisif, parfois troublant; avec la volont\u00e9 de toujours dialoguer au plus pr\u00e8s de la sensibilit\u00e9 et de la conscience, de l&#8217;humanit\u00e9 commune.<br><br>Un cin\u00e9ma qui bouscule le champ des repr\u00e9sentations fig\u00e9es, aussi bien par les partis pris de son propos que ceux de son esth\u00e9tisme.<\/p>\n<\/div><\/div>\n\n\n<style>.kadence-column809_f33641-bd > .kt-inside-inner-col{display:flex;}.kadence-column809_f33641-bd > .kt-inside-inner-col,.kadence-column809_f33641-bd > .kt-inside-inner-col:before{border-top-left-radius:0px;border-top-right-radius:0px;border-bottom-right-radius:0px;border-bottom-left-radius:0px;}.kadence-column809_f33641-bd > .kt-inside-inner-col{column-gap:var(--global-kb-gap-sm, 1rem);}.kadence-column809_f33641-bd > .kt-inside-inner-col{flex-direction:column;justify-content:center;}.kadence-column809_f33641-bd > .kt-inside-inner-col > .aligncenter{width:100%;}.kt-row-column-wrap > .kadence-column809_f33641-bd{align-self:center;}.kt-inner-column-height-full:not(.kt-has-1-columns) > .wp-block-kadence-column.kadence-column809_f33641-bd{align-self:auto;}.kt-inner-column-height-full:not(.kt-has-1-columns) > .wp-block-kadence-column.kadence-column809_f33641-bd > .kt-inside-inner-col{flex-direction:column;justify-content:center;}.kadence-column809_f33641-bd > .kt-inside-inner-col:before{opacity:0.3;}.kadence-column809_f33641-bd{position:relative;}@media all and (max-width: 1024px){.kt-row-column-wrap > .kadence-column809_f33641-bd{align-self:center;}}@media all and (max-width: 1024px){.kt-inner-column-height-full:not(.kt-has-1-columns) > .wp-block-kadence-column.kadence-column809_f33641-bd{align-self:auto;}}@media all and (max-width: 1024px){.kt-inner-column-height-full:not(.kt-has-1-columns) > .wp-block-kadence-column.kadence-column809_f33641-bd > .kt-inside-inner-col{flex-direction:column;justify-content:center;}}@media all and (max-width: 1024px){.kadence-column809_f33641-bd > .kt-inside-inner-col{flex-direction:column;justify-content:center;}}@media all and (max-width: 767px){.kt-row-column-wrap > .kadence-column809_f33641-bd{align-self:center;}.kt-inner-column-height-full:not(.kt-has-1-columns) > .wp-block-kadence-column.kadence-column809_f33641-bd{align-self:auto;}.kt-inner-column-height-full:not(.kt-has-1-columns) > .wp-block-kadence-column.kadence-column809_f33641-bd > .kt-inside-inner-col{flex-direction:column;justify-content:center;}.kadence-column809_f33641-bd > .kt-inside-inner-col{flex-direction:column;justify-content:center;}}<\/style>\n<div class=\"wp-block-kadence-column kadence-column809_f33641-bd\"><div class=\"kt-inside-inner-col\"><style>.kb-image809_ff7ff9-52.kb-image-is-ratio-size, .kb-image809_ff7ff9-52 .kb-image-is-ratio-size{max-width:396px;width:100%;}.wp-block-kadence-column > .kt-inside-inner-col > .kb-image809_ff7ff9-52.kb-image-is-ratio-size, .wp-block-kadence-column > .kt-inside-inner-col > .kb-image809_ff7ff9-52 .kb-image-is-ratio-size{align-self:unset;}.kb-image809_ff7ff9-52 figure{max-width:396px;}.kb-image809_ff7ff9-52 .image-is-svg, .kb-image809_ff7ff9-52 .image-is-svg img{width:100%;}.kb-image809_ff7ff9-52:not(.kb-image-is-ratio-size) .kb-img, .kb-image809_ff7ff9-52.kb-image-is-ratio-size{padding-bottom:var(--global-kb-spacing-5xl, 10rem);}.kb-image809_ff7ff9-52 .kb-image-has-overlay:after{opacity:0.3;}<\/style>\n<div class=\"wp-block-kadence-image kb-image809_ff7ff9-52\"><figure class=\"aligncenter size-full\"><img loading=\"lazy\" decoding=\"async\" width=\"500\" height=\"500\" src=\"https:\/\/idurarprod.com\/wp-content\/uploads\/2025\/09\/LOGO-idurar.jpg\" alt=\"\" class=\"kb-img wp-image-686\" srcset=\"https:\/\/idurarprod.com\/wp-content\/uploads\/2025\/09\/LOGO-idurar.jpg 500w, https:\/\/idurarprod.com\/wp-content\/uploads\/2025\/09\/LOGO-idurar-300x300.jpg 300w, https:\/\/idurarprod.com\/wp-content\/uploads\/2025\/09\/LOGO-idurar-150x150.jpg 150w\" sizes=\"auto, (max-width: 500px) 100vw, 500px\" \/><\/figure><\/div>\n<\/div><\/div>\n\n<\/div><\/div>\n\n\n<div class=\"wp-block-columns is-layout-flex wp-container-core-columns-is-layout-9d6595d7 wp-block-columns-is-layout-flex\">\n<div class=\"wp-block-column is-layout-flow wp-block-column-is-layout-flow\" style=\"flex-basis:25%\"><style>.kb-image809_a9278a-77 .kb-image-has-overlay:after{opacity:0.3;}.kb-image809_a9278a-77 img.kb-img, .kb-image809_a9278a-77 .kb-img img{object-position:52% 96%;}<\/style>\n<div class=\"wp-block-kadence-image kb-image809_a9278a-77 is-resized is-style-default\"><figure class=\"aligncenter size-full kb-image-is-ratio-size\"><div class=\"kb-is-ratio-image kb-image-ratio-port23\"><img loading=\"lazy\" decoding=\"async\" width=\"2560\" height=\"1707\" src=\"https:\/\/idurarprod.com\/wp-content\/uploads\/2025\/09\/IMG_1944-scaled.jpg\" alt=\"\" class=\"kb-img wp-image-601\" srcset=\"https:\/\/idurarprod.com\/wp-content\/uploads\/2025\/09\/IMG_1944-scaled.jpg 2560w, https:\/\/idurarprod.com\/wp-content\/uploads\/2025\/09\/IMG_1944-300x200.jpg 300w, https:\/\/idurarprod.com\/wp-content\/uploads\/2025\/09\/IMG_1944-1024x683.jpg 1024w, https:\/\/idurarprod.com\/wp-content\/uploads\/2025\/09\/IMG_1944-768x512.jpg 768w, https:\/\/idurarprod.com\/wp-content\/uploads\/2025\/09\/IMG_1944-1536x1024.jpg 1536w, https:\/\/idurarprod.com\/wp-content\/uploads\/2025\/09\/IMG_1944-2048x1365.jpg 2048w\" sizes=\"auto, (max-width: 2560px) 100vw, 2560px\" \/><\/div><\/figure><\/div>\n<\/div>\n\n\n\n<div class=\"wp-block-column is-layout-flow wp-block-column-is-layout-flow\" style=\"flex-basis:25%\"><style>.kb-image809_7ede13-d1.kb-image-is-ratio-size, .kb-image809_7ede13-d1 .kb-image-is-ratio-size{max-width:300px;width:100%;}.wp-block-kadence-column > .kt-inside-inner-col > .kb-image809_7ede13-d1.kb-image-is-ratio-size, .wp-block-kadence-column > .kt-inside-inner-col > .kb-image809_7ede13-d1 .kb-image-is-ratio-size{align-self:unset;}.kb-image809_7ede13-d1 figure{max-width:300px;}.kb-image809_7ede13-d1 .image-is-svg, .kb-image809_7ede13-d1 .image-is-svg img{width:100%;}.kb-image809_7ede13-d1 .kb-image-has-overlay:after{opacity:0.3;}.kb-image809_7ede13-d1 img.kb-img, .kb-image809_7ede13-d1 .kb-img img{object-position:87% 56.00000000000001%;}<\/style>\n<div class=\"wp-block-kadence-image kb-image809_7ede13-d1 is-style-default\"><figure class=\"aligncenter size-full kb-image-is-ratio-size\"><div class=\"kb-is-ratio-image kb-image-ratio-port34\"><img loading=\"lazy\" decoding=\"async\" width=\"2560\" height=\"1440\" src=\"https:\/\/idurarprod.com\/wp-content\/uploads\/2020\/10\/colonie-d_Afrique-biais-OK-2-scaled.jpg\" alt=\"\" class=\"kb-img wp-image-308\" srcset=\"https:\/\/idurarprod.com\/wp-content\/uploads\/2020\/10\/colonie-d_Afrique-biais-OK-2-scaled.jpg 2560w, https:\/\/idurarprod.com\/wp-content\/uploads\/2020\/10\/colonie-d_Afrique-biais-OK-2-300x169.jpg 300w, https:\/\/idurarprod.com\/wp-content\/uploads\/2020\/10\/colonie-d_Afrique-biais-OK-2-1024x576.jpg 1024w, https:\/\/idurarprod.com\/wp-content\/uploads\/2020\/10\/colonie-d_Afrique-biais-OK-2-768x432.jpg 768w, https:\/\/idurarprod.com\/wp-content\/uploads\/2020\/10\/colonie-d_Afrique-biais-OK-2-1536x864.jpg 1536w, https:\/\/idurarprod.com\/wp-content\/uploads\/2020\/10\/colonie-d_Afrique-biais-OK-2-2048x1152.jpg 2048w\" sizes=\"auto, (max-width: 2560px) 100vw, 2560px\" \/><\/div><\/figure><\/div>\n\n\n\n<div style=\"height:0px\" aria-hidden=\"true\" class=\"wp-block-spacer\"><\/div>\n<\/div>\n\n\n\n<div class=\"wp-block-column is-layout-flow wp-block-column-is-layout-flow\" style=\"flex-basis:45%\"><div class=\"wp-block-image is-style-default\">\n<figure class=\"aligncenter size-large\"><img loading=\"lazy\" decoding=\"async\" width=\"1024\" height=\"576\" src=\"https:\/\/idurarprod.com\/wp-content\/uploads\/2025\/09\/MusOrient2-1024x576.jpg\" alt=\"\" class=\"wp-image-722\" srcset=\"https:\/\/idurarprod.com\/wp-content\/uploads\/2025\/09\/MusOrient2-1024x576.jpg 1024w, https:\/\/idurarprod.com\/wp-content\/uploads\/2025\/09\/MusOrient2-300x169.jpg 300w, https:\/\/idurarprod.com\/wp-content\/uploads\/2025\/09\/MusOrient2-768x432.jpg 768w, https:\/\/idurarprod.com\/wp-content\/uploads\/2025\/09\/MusOrient2-1536x864.jpg 1536w, https:\/\/idurarprod.com\/wp-content\/uploads\/2025\/09\/MusOrient2-2048x1152.jpg 2048w\" sizes=\"auto, (max-width: 1024px) 100vw, 1024px\" \/><\/figure><\/div>\n\n\n<div style=\"height:63px\" aria-hidden=\"true\" class=\"wp-block-spacer\"><\/div>\n\n\n<style>.wp-block-kadence-advancedbtn.kb-btns809_7d64f8-78{gap:var(--global-kb-gap-xs, 0.5rem );justify-content:center;align-items:center;}.kt-btns809_7d64f8-78 .kt-button{font-weight:normal;font-style:normal;}.kt-btns809_7d64f8-78 .kt-btn-wrap-0{margin-right:5px;}.wp-block-kadence-advancedbtn.kt-btns809_7d64f8-78 .kt-btn-wrap-0 .kt-button{color:#555555;border-color:#555555;}.wp-block-kadence-advancedbtn.kt-btns809_7d64f8-78 .kt-btn-wrap-0 .kt-button:hover, .wp-block-kadence-advancedbtn.kt-btns809_7d64f8-78 .kt-btn-wrap-0 .kt-button:focus{color:#ffffff;border-color:#444444;}.wp-block-kadence-advancedbtn.kt-btns809_7d64f8-78 .kt-btn-wrap-0 .kt-button::before{display:none;}.wp-block-kadence-advancedbtn.kt-btns809_7d64f8-78 .kt-btn-wrap-0 .kt-button:hover, .wp-block-kadence-advancedbtn.kt-btns809_7d64f8-78 .kt-btn-wrap-0 .kt-button:focus{background:#444444;}<\/style>\n<div class=\"wp-block-kadence-advancedbtn kb-buttons-wrap kb-btns809_7d64f8-78\"><style>ul.menu .wp-block-kadence-advancedbtn .kb-btn809_c16bb9-3a.kb-button{width:initial;}.wp-block-kadence-advancedbtn .kb-btn809_c16bb9-3a.kb-button{color:#ffffff;background:#60646b;border-top-left-radius:5px;border-top-right-radius:5px;border-bottom-right-radius:5px;border-bottom-left-radius:5px;}.wp-block-kadence-advancedbtn .kb-btn809_c16bb9-3a.kb-button:hover, .wp-block-kadence-advancedbtn .kb-btn809_c16bb9-3a.kb-button:focus{background:#bcccd1;}<\/style><a class=\"kb-button kt-button button kb-btn809_c16bb9-3a kt-btn-size-large kt-btn-width-type-auto kb-btn-global-fill  kt-btn-has-text-true kt-btn-has-svg-false  wp-block-kadence-singlebtn\" href=\"https:\/\/idurarprod.com\/index.php\/sct-projets\/\"><span class=\"kt-btn-inner-text\">D\u00e9couvrir nos projets<\/span><\/a><\/div>\n<\/div>\n<\/div>\n\n\n<style>.wp-block-kadence-spacer.kt-block-spacer-809_40494f-3b .kt-block-spacer{height:142px;}.wp-block-kadence-spacer.kt-block-spacer-809_40494f-3b .kt-divider{border-top-width:1px;height:1px;border-top-color:#eee;width:80%;border-top-style:solid;}<\/style>\n<div class=\"wp-block-kadence-spacer aligncenter kt-block-spacer-809_40494f-3b\"><div class=\"kt-block-spacer kt-block-spacer-halign-center\"><\/div><\/div>\n","protected":false},"excerpt":{"rendered":"<p>Idurar Production Nous croyons en un cin\u00e9ma port\u00e9 par la complexit\u00e9 et la diversit\u00e9 des regards. Des regards qui posent sur l&#8217;histoire, le pr\u00e9sent et le futur, l&#8217;expression de leur subjectivit\u00e9 et la force de leur sensibilit\u00e9. Un cin\u00e9ma qui mette en lumi\u00e8re les paroles et les gestes de celles et ceux qui n&#8217;ont pas&#8230;<\/p>\n","protected":false},"author":1,"featured_media":0,"parent":0,"menu_order":0,"comment_status":"closed","ping_status":"closed","template":"","meta":{"_eb_attr":"","_kad_post_transparent":"enable","_kad_post_title":"hide","_kad_post_layout":"normal","_kad_post_sidebar_id":"","_kad_post_content_style":"unboxed","_kad_post_vertical_padding":"hide","_kad_post_feature":"hide","_kad_post_feature_position":"","_kad_post_header":false,"_kad_post_footer":false,"footnotes":""},"class_list":["post-809","page","type-page","status-publish","hentry"],"_links":{"self":[{"href":"https:\/\/idurarprod.com\/index.php\/wp-json\/wp\/v2\/pages\/809","targetHints":{"allow":["GET"]}}],"collection":[{"href":"https:\/\/idurarprod.com\/index.php\/wp-json\/wp\/v2\/pages"}],"about":[{"href":"https:\/\/idurarprod.com\/index.php\/wp-json\/wp\/v2\/types\/page"}],"author":[{"embeddable":true,"href":"https:\/\/idurarprod.com\/index.php\/wp-json\/wp\/v2\/users\/1"}],"replies":[{"embeddable":true,"href":"https:\/\/idurarprod.com\/index.php\/wp-json\/wp\/v2\/comments?post=809"}],"version-history":[{"count":15,"href":"https:\/\/idurarprod.com\/index.php\/wp-json\/wp\/v2\/pages\/809\/revisions"}],"predecessor-version":[{"id":937,"href":"https:\/\/idurarprod.com\/index.php\/wp-json\/wp\/v2\/pages\/809\/revisions\/937"}],"wp:attachment":[{"href":"https:\/\/idurarprod.com\/index.php\/wp-json\/wp\/v2\/media?parent=809"}],"curies":[{"name":"wp","href":"https:\/\/api.w.org\/{rel}","templated":true}]}}